e c?
False
Let v(l) = 13*l**2 + l - 2. Let c be v(2). Suppose 4*p = 4*h + c, 3*p + 3*h + 2*h - 23 = 0. Suppose 73 = 2*f - p. Is 3 a factor of f?
True
Let m(y) = y**3 + 30*y**2 + 55*y + 116. Let a be 2/18 - (-13)/(1755/(-3795)). Does 36 divide m(a)?
True
Let z(m) = -m**3 + 6*m**2 - 20*m + 38. Let s be z(5). Does 38 divide ((-65)/5 + -1)*s?
False
Let z(p) = p**2 - 101*p + 1939. Is z(108) a multiple of 3?
False
Let p(m) = -m**3 + 27*m**2 + 262*m + 396. Does 114 divide p(33)?
True
Let p(r) be the second derivative of 2*r**4/3 + 2*r**3 - 29*r**2/2 + 18*r + 1. Does 32 divide p(-6)?
False
Suppose 2*o = 19*o - 16184. Let c = o - 350. Is 59 a factor of c?
False
Suppose 104*f - 14*f - 479630 = 1109590. Is 109 a factor of f?
True
Is 14 a factor of 156 + 104/(-78)*3/2?
True
Let c be ((-5)/30*2)/(2/12). Let w(l) = 136*l**2 + 11*l - 5. Is w(c) a multiple of 41?
False
Let t(b) = -449*b - 2105. Is 23 a factor of t(-36)?
False
Suppose i = -5*i + 132. Suppose 5*j - 5*w - 5 = 0, -j - 3*w = j - i. Suppose 2*a - j*a = -75. Is 5 a factor of a?
True
Let o(v) = -4*v**2 - 6*v - 3. Let x be o(-7). Let g = 389 - x. Is g a multiple of 14?
True
Let a(g) = 79*g**3 + 12*g**2 - 17*g - 94. Is a(5) a multiple of 4?
True
Is (-14)/371 + 18536244/636 a multiple of 145?
True
Let l(j) = -250*j - 174. Let g be l(-28). Suppose -25*h + 1674 + g = 0. Is 20 a factor of h?
True
Let h = -81 + 84. Suppose -8 = h*s - 68. Is 6 a factor of 365/s - 2/8?
True
Let z(r) = -9*r**3 + 2*r**2 + 7*r + 4. Suppose 4*g = 15*v - 13*v - 14, -4*g - 5 = v. Is z(g) a multiple of 10?
True
Suppose -216*y + 219*y - 1548 = -a, -3100 = -2*a - 5*y. Does 13 divide a?
True
Suppose 0 = 3*n + 15*r - 11*r - 17568, 12 = -4*r. Is n a multiple of 10?
True
Let q = 466 - 834. Let s be 0 + 2/1 + 1 - -1. Does 19 divide q/(-6)*9/s?
False
Let m(r) = -4*r**3 + 15*r**2 + r - 7. Let f(a) = a**3 - a**2. Let g(x) = 3*f(x) + m(x). Let s be g(12). Suppose s*h + 3*h = 240. Does 5 divide h?
True
Let j(l) = 96*l - 36. Suppose 19*o = 13*o + 24. Is 12 a factor of j(o)?
True
Is (656 + 11)*25/((-25)/(-12)) a multiple of 87?
True
Let l be ((-33)/(-66))/(1/286). Let o = l + -131. Is 4 a factor of o?
True
Let c be (16/10)/(-6*4/(-60)). Suppose 7*q = m + 2*q - 314, 5*q = c*m - 1241. Suppose 4*o = 7*o - m. Is o a multiple of 10?
False
Suppose 962 = -3*l + 965, -2*l - 30502 = -3*s. Is s a multiple of 82?
True
Let q(x) = 23*x**3 - 3*x**2 + 2*x - 8. Suppose -2*z + 14 = 3*r, -4*z + 2 + 10 = -2*r. Let l be q(z). Is 26 a factor of l/14 + (-4)/(-14)?
False
Let c be ((-78)/18*-13)/((-5)/(-15)). Suppose 540 = 181*v - c*v. Is 22 a factor of v?
False
Suppose o + 23 = 2*p, 3*p + 5*o - 45 = 9. Let d = 27 - p. Let n = 101 + d. Is n a multiple of 23?
True
Let k = -202 - -224. Suppose k*m - 6*m - 3824 = 0. Is m a multiple of 8?
False
Suppose -2*h = -0*h. Suppose h = 2*s - 5*l - 298, 5*s - l - l - 724 = 0. Suppose -6*y = -8*y + s. Is y a multiple of 18?
True
Let x(b) = -2*b - 14. Let m be x(-7). Suppose m = 15*l - 124 + 4. Is 7 a factor of l?
False
Let l = 15377 + -8209. Is 32 a factor of l?
True
Suppose -50*n - 84*n + 2157936 = 0. Does 61 divide n?
True
Let t = -488 - -783. Let p = 1387 - t. Is 54 a factor of p?
False
Let h = 1841 - -7501. Does 54 divide h?
True
Is (-912)/(-72)*(-4 - -139) a multiple of 114?
True
Let y(t) = -2*t**3 + 2*t**2 + 25*t + 1. Let b be y(4). Let a = 49 + b. Does 21 divide a?
False
Let g(w) = 1861*w**2 + 20*w - 57. Is g(4) a multiple of 11?
True
Suppose 17*h + 12 = 18*h. Is 2 a factor of -9*h/(-810) - 1286/(-30)?
False
Let h(c) = c**2 + 52*c + 147. Let d(j) = 26*j + 74. Let v(a) = -9*d(a) + 4*h(a). Is 10 a factor of v(18)?
True
Let g(x) = 12*x**2 + 59*x + 148. Is 2 a factor of g(-11)?
False
Let d be (19 + -43)/((-4)/70). Let p be (-1 - (-6)/8) + d/(-48). Is (p*(-56)/(-60))/(1/(-5)) a multiple of 21?
True
Let s(y) = 830*y**2 + 15*y. Is s(-2) a multiple of 47?
True
Does 10 divide 3*(14 + 33649/57)?
False
Suppose -l + 5*v + 2995 = 0, 0 = -2*l - 0*l + 2*v + 5942. Is l a multiple of 38?
False
Let h(m) = -m**3 + 8*m**2 + 4*m + 50. Let p(w) = -13*w - 70. Let s be p(-6). Is h(s) a multiple of 6?
False
Let m(k) = 13*k**2 + 268*k - 1. Is m(-28) a multiple of 30?
False
Let j(g) be the first derivative of g**4/4 + 8*g**3/3 - 11*g**2 + 10*g - 76. Is 71 a factor of j(-7)?
True
Let h(n) = 2*n**3 - 81*n**2 + 75*n + 539. Does 93 divide h(44)?
True
Let t = -40494 - -58113. Is t a multiple of 15?
False
Let a = 182 + -183. Is -2 - a - (-108 + 7)*1 a multiple of 8?
False
Let t = 27 + -22. Suppose o + 2*f = 5, 7*f = -t*o + 2*f + 25. Suppose o*h + 42 = 237. Is h a multiple of 13?
True
Let o = -34 - -60. Let g = o + -19. Is 6 a factor of 9 + 7/(g/(-2))?
False
Let w(z) = -2*z - 25. Let c be w(-15). Suppose 2 = -c*h + 3*g - 0, 3*h = -3*g - 6. Does 4 divide (h + 3 + -40)/(-1 - 1)?
False
Let d be 2*6*13/(-26). Suppose 2*a - 66 = 6*i - 2*i, -4*i - 99 = -3*a. Let k = d + a. Is 9 a factor of k?
True
Let c = 4913 + -3373. Does 4 divide c?
True
Let k(l) = 39*l + 767. Does 52 divide k(11)?
True
Suppose -5*z + 5*i = -7760, 79*i - 81*i = -4. Is z a multiple of 8?
False
Let d = -113 - -134. Let v = d - -50. Is 44 a factor of v?
False
Let w be (-6)/(-5)*2695/147. Suppose -w*q + 1240 = -1950. Is q a multiple of 7?
False
Suppose -7*m - 6*m = -65. Suppose -21*i = -18*i + 3*h - 405, 0 = -2*i + m*h + 291. Does 37 divide i?
False
Suppose -3*t - 4*r + 162 = -3*r, 0 = -4*t - r + 216. Let g be (t/(-21) - 24/(-42)) + 7. Suppose -5*l - 5*o + 335 = 0, 38 = l + g*o - 45. Is 7 a factor of l?
True
Is 143 a factor of ((-33)/2)/((-15)/11310)?
True
Let o(d) = 42*d**2 + 105*d - 1103. Does 91 divide o(13)?
False
Let w(a) = 2*a**2 + 49*a - 465. Is w(43) a multiple of 20?
True
Let w(v) be the first derivative of v**4/4 - v**3 + v**2/2 + 2*v - 69. Suppose 8 = -2*y + 4*g, -3*y + 5*g = 5 + 3. Is 7 a factor of w(y)?
False
Let y(z) = -z**3 + 56*z**2 - 192*z + 337. Is y(45) a multiple of 14?
True
Suppose -11*u + 7*u - v = -26367, 2*v + 26382 = 4*u. Suppose u = 7*q - 582. Does 25 divide q?
True
Suppose 5 + 5 = 2*w. Let q be (-2)/(-3)*1575/(16 - 9). Suppose -w*i + 610 = -q. Is 53 a factor of i?
False
Let n = 3335 - 479. Does 24 divide n?
True
Suppose -31*q + 960 = -37*q. Does 20 divide 4 - (q/30)/((-2)/(-45))?
False
Let g = 1300 + -691. Is g a multiple of 7?
True
Suppose -u = -5*u - 12, 4*h + 4*u - 132 = 0. Is 5 + (h - 3) + -5 a multiple of 11?
True
Suppose -2*b - 45*b = -33041. Let f = b + 506. Is f a multiple of 31?
True
Let p be 36/5*(-210)/(-84). Suppose p*o - 19*o + 370 = 0. Is o a multiple of 37?
True
Let w(v) = -49*v**3 + 8*v**2 + 8*v - 69. Does 26 divide w(-6)?
False
Is 246 a factor of -12 - (12 - (20 - 9))*-19938?
True
Let x be -6*4/(-15) - 4/(-10). Suppose 0 = -x*y - 10, -2*l - y - 3*y + 764 = 0. Is 32 a factor of l?
False
Suppose -u = -2, -3*y - u + 0*u + 14 = 0. Suppose s + 3*s = y. Let n = s + 35. Does 12 divide n?
True
Let y(s) = 235*s - 63. Let p be y(-2). Let l = p - -1041. Is 27 a factor of l?
False
Let a = -29 - -15. Let k = a - -17. Suppose k*c - 9 = 33. Does 4 divide c?
False
Let s(w) = 2*w + 53. Let l be s(-16). Let u = l - 16. Suppose 3*a - 3*k - 423 = -87, -u*a + k = -552. Is a a multiple of 22?
True
Is 28 a factor of (28780 - 62) + (-1)/(2/6)?
False
Let y = -19 - -21. Let h be ((1 + -1)/y)/1. Suppose -j + 1 = h, -j - 133 = -2*z - 4*j. Does 12 divide z?
False
Let x(n) be the first derivative of -n**5/40 - 3*n**4/8 - 4*n**3/3 - 4. Let m(c) be the third derivative of x(c). Does 19 divide m(-11)?
False
Suppose -12*t + 70743 = -19509. Does 14 divide t?
False
Suppose 84*m - 80*m - 4*f - 9488 = 0, 4764 = 2*m + 2*f. Is m even?
False
Suppose -3*d = -3*k + 4791, -5*k + 7983 = 47*d - 51*d. Is k a multiple of 11?
True
Suppose 3*s + 7 - 30 = -2*a, 0 = -2*a - 4*s + 26. Suppose -672 = -31*l + a*l. Is l a multiple of 3?
False
Let x be (5/(-20))/(4/16). Is (x - -203) + 6 + -3 a multiple of 10?
False
Suppose 2*b = -5*m + 13, 4*b + 4*m = m + 19. Suppose 0 = -2*s + 10, b*z - 164 = -s + 285. Suppose -241 - z = -8*j. Is 32 a factor of j?
False
Suppose 3*q + 4*y + 854 = 0, -4*q - 874 = -q - y. Let k = 34 - q. Is 18 a factor of k?
True
Let f = 6228 + -2653. Is 21 a factor of f?
False
Let i = 13855 - 9565. Is i a multiple of 6?
True
Let f = -20 - -72. Let j = 123 - f. Suppose 4*x = 5*x - j. Is 15 a fa